1447876.
2, 3, 1787323
What are the prime factors of 2690071?
2690071
List the prime factors of 408552.
2, 3, 29, 587
What are the prime factors of 7607110?
2, 5, 7, 109, 997
List the prime factors of 339513.
3, 113171
What are the prime factors of 1044976?
2, 241, 271
List the prime factors of 19638226.
2, 439, 22367
List the prime factors of 294158.
2, 19, 7741
List the prime factors of 125167.
7, 17881
What are the prime factors of 1114684?
2, 278671
List the prime factors of 9659.
13, 743
What are the prime factors of 668?
2, 167
What are the prime factors of 208199?
17, 37, 331
List the prime factors of 5620340.
2, 5, 11, 59, 433
What are the prime factors of 13856887?
11, 17, 74101
What are the prime factors of 19003248?
2, 3, 11, 31, 43
List the prime factors of 7745760.
2, 3, 5, 11, 163
List the prime factors of 232268.
2, 58067
List the prime factors of 5167111.
23, 31, 7247
What are the prime factors of 129782?
2, 64891
What are the prime factors of 246768?
2, 3, 53, 97
List the prime factors of 8968700.
2, 5, 13, 6899
What are the prime factors of 139595?
5, 27919
What are the prime factors of 9714604?
2, 2428651
List the prime factors of 230310.
2, 3, 5, 853
List the prime factors of 491422.
2, 245711
List the prime factors of 488642.
2, 7, 11, 19, 167
List the prime factors of 527928.
2, 3, 21997
What are the prime factors of 8892598?
2, 11, 13, 17, 31, 59
What are the prime factors of 1743102?
2, 3, 179, 541
What are the prime factors of 3160958?
2, 1580479
List the prime factors of 2952638.
2, 13, 19, 43, 139
List the prime factors of 334347.
3, 13, 8573
List the prime factors of 364726.
2, 43, 4241
List the prime factors of 2794159.
19, 199, 739
What are the prime factors of 2741451?
3, 149, 6133
What are the prime factors of 1624848?
2, 3, 33851
What are the prime factors of 16061081?
83, 193507
What are the prime factors of 419384?
2, 7, 7489
List the prime factors of 274024.
2, 34253
What are the prime factors of 1101479?
677, 1627
What are the prime factors of 8950569?
3, 2983523
List the prime factors of 2402622.
2, 3, 14831
What are the prime factors of 485295?
3, 5, 32353
List the prime factors of 12480460.
2, 5, 227, 2749
What are the prime factors of 57026?
2, 28513
What are the prime factors of 123007?
123007
What are the prime factors of 156805?
5, 11, 2851
What are the prime factors of 1592020?
2, 5, 79601
List the prime factors of 896342.
2, 17, 41, 643
List the prime factors of 6286653.
3, 41, 631
What are the prime factors of 7596370?
2, 5, 759637
List the prime factors of 970598.
2, 17, 28547
What are the prime factors of 426969?
3, 47441
List the prime factors of 116539.
116539
List the prime factors of 14550139.
37, 393247
List the prime factors of 437635.
5, 11, 73, 109
What are the prime factors of 53358?
2, 3, 8893
List the prime factors of 958183.
958183
What are the prime factors of 7093804?
2, 47, 97, 389
What are the prime factors of 2725423?
17, 160319
List the prime factors of 199333.
53, 3761
List the prime factors of 3875001.
3, 13, 7643
What are the prime factors of 9931603?
11, 902873
What are the prime factors of 5256997?
37, 47, 3023
List the prime factors of 2262219.
3, 754073
What are the prime factors of 737034?
2, 3, 122839
List the prime factors of 352645.
5, 70529
What are the prime factors of 3724770?
2, 3, 5, 7, 17737
List the prime factors of 250319.
53, 4723
List the prime factors of 3035995.
5, 607199
What are the prime factors of 159630?
2, 3, 5, 17, 313
List the prime factors of 205509.
3, 61, 1123
List the prime factors of 41884952.
2, 5235619
List the prime factors of 4689261.
3, 59, 8831
List the prime factors of 12950664.
2, 3, 97, 5563
List the prime factors of 376933.
376933
What are the prime factors of 1377516?
2, 3, 7, 23, 31
What are the prime factors of 20386362?
2, 3, 29, 117163
What are the prime factors of 600199?
41, 14639
List the prime factors of 4379925.
3, 5, 11, 5309
What are the prime factors of 664706?
2, 7, 79, 601
List the prime factors of 117277.
23, 5099
What are the prime factors of 5551788?
2, 3, 11, 137, 307
List the prime factors of 2142721.
7, 6247
What are the prime factors of 305558?
2, 11, 17, 19, 43
List the prime factors of 1054502.
2, 527251
List the prime factors of 3334328.
2, 163, 2557
What are the prime factors of 215725?
5, 8629
List the prime factors of 198607.
19, 10453
List the prime factors of 509866.
2, 7, 79, 461
What are the prime factors of 274995?
3, 5, 7, 97
What are the prime factors of 3376066?
2, 337, 5009
What are the prime factors of 5426846?
2, 2713423
List the prime factors of 132656.
2, 8291
What are the prime factors of 7451131?
109, 197, 347
List the prime factors of 2825752.
2, 421, 839
What are the prime factors of 51619?
41, 1259
List the prime factors of 206799.
3, 29, 2377
What are the prime factors of 225701?
7, 19, 1697
What are the prime factors of 157902?
2, 3, 26317
What are the prime factors of 75274?
2, 61, 617
What are the prime factors of 21703074?
2, 3, 3617179
What are the prime factors of 96976?
2, 11, 19, 29
What are the prime factors of 282301?
197, 1433
List the prime factors of 184022.
2, 101, 911
What are the prime factors of 7286380?
2, 5, 139, 2621
List the prime factors of 1025913.
3, 7, 997
What are the prime factors of 938008?
2, 117251
What are the prime factors of 143625?
3, 5, 383
List the prime factors of 1015271.
103, 9857
What are the prime factors of 5641905?
3, 5, 376127
What are the prime factors of 221965?
5, 103, 431
List the prime factors of 314183.
41, 79, 97
List the prime factors of 29636370.
2, 3, 5, 329293
List the prime factors of 11060067.
3, 1093, 3373
List the prime factors of 572665.
5, 53, 2161
What are the prime factors of 2540218?
2, 761, 1669
What are the prime factors of 7577998?
2, 19, 47, 4243
What are the prime factors of 62026?
2, 31013
What are the prime factors of 10829892?
2, 3, 947, 953
List the prime factors of 11330241.
3, 13, 353, 823
List the prime factors of 2663672.
2, 11, 30269
List the prime factors of 1452983.
7, 207569
List the prime factors of 123072.
2, 3, 641
List the prime factors of 398762.
2, 7, 13, 313
List the prime factors of 467728.
2, 23, 31, 41
List the prime factors of 420427.
7, 17, 3533
What are the prime factors of 351849?
3, 17, 6899
What are the prime factors of 640289?
13, 49253
List the prime factors of 847014.
2, 3, 7, 43, 67
What are the prime factors of 3218780?
2, 5, 17, 9467
What are the prime factors of 699804?
2, 3, 7, 2777
List the prime factors of 340754.
2, 347, 491
List the prime factors of 4116713.
137, 151, 199
What are the prime factors of 1306391?
1306391
What are the prime factors of 561908?
2, 140477
List the prime factors of 136056.
2, 3, 5669
What are the prime factors of 7345685?
5, 19, 77323
List the prime factors of 2452510.
2, 5, 245251
What are the prime factors of 767785?
5, 153557
List the prime factors of 9761989.
43, 131, 1733
What are the prime factors of 1104789?
3, 7, 52609
List the prime factors of 8034984.
2, 3, 37199
List the prime factors of 433746.
2, 3, 24097
List the prime factors of 1543098.
2, 3, 43, 5981
What are the prime factors of 636627?
3, 212209
List the prime factors of 404782.
2, 7, 29, 997
List the prime factors of 296999.
23, 37, 349
What are the prime factors of 3739869?
3, 7, 23, 29, 89
List the prime factors of 257307.
3, 199, 431
List the prime factors of 5289300.
2, 3, 5, 653
List the prime factors of 31901.
19, 23, 73
What are the prime factors of 2397369?
3, 13, 61471
List the prime factors of 9739987.
743, 13109
List the prime factors of 79421.
43, 1847
What are the prime factors of 1799423?
1799423
List the prime factors of 1524053.
31, 211, 233
What are the prime factors of 634790?
2, 5, 13, 19, 257
What are the prime factors of 2111501?
7, 301643
List the prime factors of 781264.
2, 11, 23, 193
What are the prime factors of 231796?
2, 167, 347
What are the prime factors of 40389031?
40389031
What are the prime factors of 390385?
5, 163, 479
List the prime factors of 46913.
43, 1091
List the prime factors of 33962017.
149, 193, 1181
What are the prime factors of 2404987?
13, 184999
List the prime factors of 89318.
2, 17, 37, 71
List the prime factors of 699947.
69994